*g - h. List the prime factors of g.
5, 17
Suppose -60*a - 61*a + 1024628 = 0. List the prime factors of a.
2, 29, 73
Let s be 13262/19 + (1 + 3)*1. Suppose 0 = 4*f - s - 722. List the prime factors of f.
2, 89
Let t(d) = 5*d**2 - d - 10. Let p be t(-3). Suppose 487 = 3*b - p. Suppose b - 49 = 7*i. What are the prime factors of i?
2, 3
Let x(n) = 3*n**3 - n**2 + 4*n - 7 - 4*n**3 - 4. Let q be x(-8). Suppose 5*s + q = 1140. List the prime factors of s.
3, 7
Suppose 19292328 = -928*h + 1192*h. List the prime factors of h.
3, 24359
Let f(y) = 4*y**3 - 47*y**2 + 6*y + 17. Let m be f(8). Let h = 41 - m. List the prime factors of h.
2, 3, 13
Suppose -829*a + 55524 = -826*a + 5*y, 24 = 4*y. What are the prime factors of a?
2, 3, 3083
Let i(f) be the first derivative of f**6/30 - f**5/12 - f**4/6 + 32*f**3/3 - 2. Let n(t) be the third derivative of i(t). What are the prime factors of n(4)?
2, 37
Suppose 10*v + 456 + 134 = 0. Let i = v + 29. What are the prime factors of 12/i + (-1371)/(-15)?
7, 13
Suppose -6*q + 152 + 316 = 0. Let r = -34 - -18. Let g = q + r. List the prime factors of g.
2, 31
Suppose 3*u - 37471 = -4*a, -165*a + 62459 = 5*u - 162*a. What are the prime factors of u?
13, 31
Let t(p) = -p**3 + 15*p**2 - 26*p - 67. What are the prime factors of t(9)?
5, 37
Let a(v) = v**3 - 35*v**2 + 62*v + 61. Let d be a(34). Let h = -229 + d. List the prime factors of h.
2, 7
Let b be (10/6)/((-2)/(-12)). Let m(r) = -r**3 - 18*r**2 - 2*r - r + 23 - b. What are the prime factors of m(-18)?
67
What are the prime factors of 136434/8 + -1 + 6/8?
2, 8527
Let z = 934 - 745. List the prime factors of 10342/8 - (z/28 + -7).
3, 431
Suppose 819*w - 816*w + 12 = 0, o - 3*w = 8802. List the prime factors of o.
2, 3, 5, 293
Let j(z) = 3*z**2 + 4*z + 16. Let y be j(28). Suppose 0 = 4*k - 7*a + 5*a - y, -5*k = 5*a - 3130. List the prime factors of k.
2, 311
Let p(m) = 19*m**2 - 2*m + 2. Let k be p(1). Let q(h) = -h**3 + 19*h**2 - h + 187. List the prime factors of q(k).
2, 3, 7
Let p(j) = -14233*j - 828. List the prime factors of p(-1).
5, 7, 383
Let c(n) = -79*n**3 - 18*n**2 - 222*n + 7. List the prime factors of c(-8).
3, 13693
Suppose 13*c - 9*c + 3937 = -3*i, 5*c = -i - 4935. Let y = 1678 + c. List the prime factors of y.
2, 3, 5, 23
Let s = 16233 + 14558. List the prime factors of s.
41, 751
Let x(r) = 46*r**2 - 306*r - 123. What are the prime factors of x(27)?
3, 83, 101
Let a be (-27)/6*(-112)/6. Suppose 168 = 2*l - t - 0*t, a = l - t. Suppose -12*j = -14*j + l. What are the prime factors of j?
2, 3, 7
Let o(v) = -339*v - 10. Suppose -x - 7 = 3*h, -3*h - 2*x - 13 = 2*h. List the prime factors of o(h).
7, 47
Let x = -73 + 88. Suppose 3005 = 3*r - 5*j, 17*r = x*r - 3*j + 1997. List the prime factors of r.
2, 5
Let n(u) = 61*u**2 - 2*u - 1668. List the prime factors of n(-23).
19, 1613
List the prime factors of (22 - -7836)*8/16.
3929
Suppose -5*v + 1 = -19. Let r be (v/(-4))/(3/18). Let j(w) = w**3 + 7*w**2 - 7*w - 4. What are the prime factors of j(r)?
2, 37
Let k = 6 + 267. Suppose -t + k = 5*x, -4*t + 92 = -x - 979. Suppose -b + t = 3*b. What are the prime factors of b?
67
Suppose -g - 2*n + 5922 = -553, -11*g + n + 71317 = 0. List the prime factors of g.
3, 2161
Suppose 120 = 3*z - 3*k, -2*z + 95 = -6*k + k. Suppose 0 = 42*v - z*v - 3983. List the prime factors of v.
569
Let z(v) = 512*v**2 - 14*v + 23. List the prime factors of z(-8).
13, 2531
Let n be 6/(3/(-3)) + 691. Let o = -468 + n. What are the prime factors of o?
7, 31
Suppose -y + 2*j = -102, -y + j = -2*j - 104. Suppose 3*g + y - 1547 = 0. Suppose 3*m - g = -l, 5*m - 165 = 4*m + l. List the prime factors of m.
2, 3
Suppose 21*w - 18*w = 0. Let h be 9/(-21) + (-93)/(-21). Suppose -h*x - 131 + 447 = w. What are the prime factors of x?
79
Suppose 4*x + 2*s = 124616, -8*x + s - 93464 = -11*x. What are the prime factors of x?
2, 7789
Let z = 2350 - -16288. List the prime factors of z.
2, 9319
Let b = -21473 + 34246. List the prime factors of b.
53, 241
Suppose 0 = -3*q + 2*q + 5*t - 7, 0 = -q - 3*t + 17. List the prime factors of (-5)/2 + q + (-14535)/(-10).
1459
Let q be 6/(-8) - 207/(-36). Let p(n) = -n**2 + 5*n - 6. Let l be p(q). List the prime factors of 2 - 100/(l + 4).
2, 13
Let a = 36 + -12. Suppose -16 = -8*s - a. List the prime factors of (904 - -1)*s/(-5).
181
Let z be 550 - (1 - 21/7). Suppose 9*t - t - z = 0. What are the prime factors of t?
3, 23
Suppose 29 = -3*d + 2105. Suppose -123*q + 122*q + d = 0. What are the prime factors of q?
2, 173
Suppose 2*w + 3 = -1, 5*j - 2*w = 14. Let q(m) = -2*m**3 + 6 - 6*m**2 + 22*m - m**3 + 8 + j*m**3. List the prime factors of q(-10).
2, 97
Let k = -110 - -213. Suppose 12*n = 54*n - 1890. Let o = k - n. What are the prime factors of o?
2, 29
Let w(l) = -1576*l - 184. List the prime factors of w(-4).
2, 3, 5, 17
Suppose 2*g + 10 - 72 = 4*y, -g - 53 = 4*y. Let m(p) = -4*p**2 - 64*p - 8. List the prime factors of m(y).
2, 13
Let l = 57 + -52. Let k(j) = 11*j**2 - 19*j + 5. Let b(u) = 5*u**2 - 9*u + 2. Let h(i) = -13*b(i) + 6*k(i). List the prime factors of h(l).
2, 11
Let p(l) = -3 + 2*l**3 + 9*l**3 - 12*l**3 - 2*l - 10*l**2. Let v be p(-9). Let o = 142 + v. What are the prime factors of o?
2, 19
Let v = -102 + 105. Suppose -v*s - 13888 = -5*c, -5*c = -10*s + 8*s - 9252. What are the prime factors of s/(-28) + -3 + 3/7?
163
Let p = 19504 - -2396. What are the prime factors of p?
2, 3, 5, 73
Let c be (-27)/(-6) + (-3)/(-3 + 9). Suppose -c*x = -0*x - s - 3, -3*s = 9. Suppose x = -3*v - 2*g + 8 + 13, 3*g = -9. List the prime factors of v.
3
Let m(l) = 5*l**3 + 13*l**2 - 12*l + 24. What are the prime factors of m(8)?
2, 5, 83
Let z = 5684 - 5312. List the prime factors of z.
2, 3, 31
Let o be (-2824)/(-12) + 2/3 - -4. Suppose -697 - o = -2*p + 3*l, 2*p - l - 931 = 0. What are the prime factors of p?
2, 29
Let p be 652/(-44) + (-4)/22. List the prime factors of ((-27)/p)/(6/1180).
2, 3, 59
Let z(g) = -g**3 + 7*g**2 - 2*g - 6. Let i(k) = 2*k**3 - 15*k**2 + 3*k + 12. Let q(s) = -3*i(s) - 5*z(s). Let j = -624 + 633. List the prime factors of q(j).
2, 3, 7
What are the prime factors of (-8)/22 + (-57999059)/(-2563)?
3, 19, 397
Suppose 247*q - 344*q + 3586769 = 0. List the prime factors of q.
103, 359
Let p = 533 + -530. Let g be (0/(-2))/(0 - -2). Suppose 2*j + g*y + p*y - 30 = 0, -4*j = -3*y - 96. List the prime factors of j.
3, 7
List the prime factors of (51244/(-8) - -3)*(14 - 1258/85).
2, 13, 197
Let x be 4/(-8)*(-292)/2. Suppose -4*q = -4*y - x - 1003, -q - 3*y + 261 = 0. List the prime factors of q.
3, 89
Suppose 3*p + 17538 = 2*w, -44*p = -5*w - 41*p + 43872. What are the prime factors of w?
2, 3, 7, 11, 19
Suppose -2*w + 524 = 2*w - 4*o, -2 = 2*o. Suppose 6*a + 268 = 2*a - 4*k, 2*a = 3*k - 134. Let g = a + w. What are the prime factors of g?
3, 7
Suppose 67076 = 3*s + 325*a - 326*a, -2*a - 111793 = -5*s. What are the prime factors of s?
3, 29, 257
What are the prime factors of (-2335)/(-7 + (-162)/(-24))?
2, 5, 467
Suppose 140*i - 129339 = -4*j + 145*i, -5*j - i = -161623. List the prime factors of j.
2, 7, 2309
Suppose h - 11 = d + 2, 2*h - 21 = -3*d. Let z be 1 - 1 - (11 + h). Let l = 3 - z. What are the prime factors of l?
2, 13
What are the prime factors of 9661 + 14*((-34)/(-68))/((-2)/2)?
2, 3, 1609
List the prime factors of 2/2*(2145/13)/1*267.
3, 5, 11, 89
Suppose -85*r - 98*r + 2879322 = 0. List the prime factors of r.
2, 7867
Let j(b) = -5*b**2 + 65*b - 6. Let y be j(13). Let g = -128 + 308. List the prime factors of (y/(-4))/((-24)/(-64)) + g.
2, 23
Suppose -157*y + 1107765 - 687619 = -712923. What are the prime factors of y?
7, 1031
Let k be (-3 + (-8 - -5))*-3. Suppose -k*p = -8*p - 3880. List the prime factors of p.
2, 97
Let o(p) be the second derivative of -9*p - 1/2*p**2 + 0 - 1/2*p**3. What are the prime factors of o(-5)?
2, 7
Let h(n) = -8*n - 91. Let j be h(-2). What are the prime factors of (102100/j)/((-2)/3 - 0)?
2, 1021
Let g(u) be the third derivative of u**6/120 - u**5/5 - u**4/12 + 14*u**3/3 - 3*u**2. List the prime factors of g(13).
3, 19
Suppose -5*z - 5*x + 5075 = 0, -z + 4*z - 3031 = 4*x. Suppose -207 - z = -4*t. What are the prime factors of t?
5, 61
Let t(h) = h**2 - 9*h + 15. Let r be t(7). Suppose u = -r + 5. List 